6) a composite number?
False
Let a be ((-4)/(-5))/((-8)/20). Let m = a - -8. Is m composite?
True
Suppose 3*h - 29 - 7 = 0. Let c = h - 6. Let p(g) = g + 8. Is p(c) a composite number?
True
Suppose 3*n = -5*a + 1090, n - 3*a - 368 = -0*n. Is n a prime number?
False
Suppose 4*x - 40 = -2*l - 4, 0 = 3*x - 12. Is l a prime number?
False
Let b(m) = -m + 119. Is b(0) composite?
True
Is (2722/(-4))/(4 + (-18)/4) composite?
False
Suppose 0 = -s + t + 636, -3*s + 1898 = -0*t - t. Is s a prime number?
True
Let u(c) = 14*c**2 + c. Let z(g) = g**3 - 6*g**2 - 8*g + 8. Let y be z(7). Let w be u(y). Let x = w - 0. Is x composite?
True
Let t = 5 - 2. Suppose -2*x + 35 = t*x. Is x a composite number?
False
Let g = -19 - -127. Let r = 19 - 90. Let i = g + r. Is i a composite number?
False
Let m = 7 + -5. Suppose -44 = -b - 4*p + 51, -p = -m. Is b prime?
False
Let t be (-4)/(-4) - 2 - -92. Let n = -54 + t. Is n prime?
True
Suppose -7*m + 20 = -2*m - 5*b, -2*m - 2*b + 8 = 0. Suppose 5*h - 10 = 0, -m*h = 3*a - 7*a + 300. Is a prime?
False
Let w be (8/14)/(2/7). Suppose 0 = -2*j - w*j + 628. Is j composite?
False
Suppose 124 = 9*j - 5*j. Is j a composite number?
False
Suppose 3*a + 4 = 4*m, -4 = m - 0*a - 2*a. Suppose -i - i - 107 = -o, 0 = -m*o - 4*i + 452. Is o a prime number?
False
Let g(d) = d**2 + 5*d - 2. Let j be g(-6). Suppose -j*i - 11 = 5, -l + 6 = -i. Suppose -44 = -l*r - 2*r. Is r a prime number?
True
Let w(x) = 3*x**2 - x - x**2 - 1 + 0*x**2. Let v be w(-1). Is (49 + 0 - v) + 0 a prime number?
True
Let j be 3 + (-3)/(-1)*-1. Suppose 8*w - 5*w = 5*z - 234, -z - w + 50 = j. Let u = -33 + z. Is u a composite number?
True
Suppose -928 = -5*j - 3*t, -2*j + 267 + 93 = 4*t. Suppose 0 = 5*f + 2*s - 1109, j + 273 = 2*f - 5*s. Is f a prime number?
True
Suppose 2*u = -2*j, -2*j - 8 = 3*u - 5*u. Is 16 + (-1 - -1 - u) a prime number?
False
Let p(x) be the third derivative of 4*x**4/3 - 11*x**3/6 - 2*x**2. Is p(5) a composite number?
False
Let u(f) = -f**3 + 3*f**2 + 15*f + 3. Let k be u(7). Let s = k + 237. Is s prime?
True
Let r = 316 - 222. Let s(v) = v + 3. Let o be s(0). Is r*(o + (-5)/2) a composite number?
False
Let j = 13 - 11. Is (39/26)/(j/20) a prime number?
False
Let u(g) = -g**3 + 5*g**2 - 2*g - 7. Let c be u(3). Suppose -c*d + t + 3*t = -1319, -3*d + 813 = 3*t. Is d composite?
True
Let a(g) = 3*g**2 - 5*g - 4. Let m be a(4). Suppose -m + 1679 = 5*j. Is j a prime number?
True
Let f(t) = 7*t**2 + 3*t - 5. Let z be f(-7). Let s = -224 + z. Is s a prime number?
False
Suppose f + 2*c = 295, -f - 5*c + 266 = -20. Is f a composite number?
True
Let v(i) = -61 + 2*i**3 + 4*i + 122 - 65 - 3*i**2. Suppose -u - 1 + 4 = 0. Is v(u) a prime number?
False
Is 1877/4 + (-9)/36 a composite number?
True
Suppose -3*i + 6*i - 12 = 0, 2*q = -5*i + 246. Is q a composite number?
False
Suppose -4*w + l - 673 = 0, 2*w - 44 = 2*l - 376. Let u = -26 - w. Is u composite?
True
Is 113 + (-4)/(-8)*4 composite?
True
Let u(c) = -c**3 + 15*c**2 + 11*c - 10. Let g(z) = -2*z - 9. Let n be g(-12). Is u(n) composite?
True
Let f(v) = -v**3 + 6*v**2 + 8*v - 4. Let g be f(7). Suppose g*i - 84 - 21 = 0. Is i a prime number?
False
Suppose 2*x = -x - 4*h - 11, -5*h - 34 = -3*x. Suppose -9 - x = -4*n. Suppose m + 5*b + 35 = 6*m, -n*m - 3*b = -15. Is m a composite number?
True
Suppose 0*u + 3*u = 0. Suppose 11 = -r + 143. Suppose u = 3*b - 33 - r. Is b prime?
False
Suppose -w - 4*w + 5904 = -4*r, 0 = -2*w - 8. Let u = r + 2320. Is u a composite number?
False
Suppose 4*k - 17 = 291. Is k prime?
False
Let g(d) = -20*d - 3. Let a be g(-6). Let s = -28 + a. Is s a composite number?
False
Suppose -13*y = -15*y + 1774. Is y prime?
True
Let n be (-1)/(-3) + (-12)/9. Suppose -2*x - 13 = 19. Let c = n - x. Is c a prime number?
False
Let w(h) = -2*h + 1. Suppose -5*d = -2*d + 6. Let p be w(d). Suppose 0*r - 4*n = 5*r - 145, -180 = -p*r + 3*n. Is r prime?
False
Let w(j) be the third derivative of -j**6/120 + j**5/30 - j**4/6 - j**3/6 + 3*j**2. Let y be w(-4). Let m = -14 + y. Is m a prime number?
True
Let w be (-5)/2*12/(-15). Suppose -w*y + 3*h + 8 = 0, -3*h - 4 + 0 = -y. Suppose -y*j - 12 = 0, 8*r - 4*j = 3*r + 247. Is r composite?
False
Let n(u) = -u**2 - 14*u - 1 + 5 + 2. Is n(-7) a prime number?
False
Suppose -169 = 3*n - 1000. Suppose 5*a - n = -3*r, -r + 66 + 21 = -a. Is r a composite number?
False
Suppose 0 = -x - 4 + 7. Suppose x*v = 124 + 125. Is v a prime number?
True
Let w(f) = -41*f**3 + 3*f**2 + 5*f + 4. Is w(-3) a prime number?
True
Let f(z) = 291*z + 4. Is f(3) prime?
True
Suppose 48 = -4*k - 3*b - 16, 4*k - b + 64 = 0. Let h = 9 - k. Is h a prime number?
False
Let i(j) = 2*j**3 + 8*j**2 + 4. Let p be i(-4). Suppose -5*b - 90 = -4*s + s, 3*s - p*b = 93. Is s a prime number?
False
Suppose 634 = p + p. Is p a composite number?
False
Suppose 4*r = -g + 9, 4*r - 17 = 4*g + 27. Let u = 11 + g. Is u a composite number?
True
Let v(m) = 2*m**2 + 11*m + 6. Let s be v(-8). Let a = s - -81. Is a a composite number?
False
Let n be (-3 - -5)/(4/6). Suppose 4*u - 2*b - 85 = 3*b, -4*u + n*b + 75 = 0. Is u a composite number?
True
Let d = -9 - -5. Is ((-106)/4)/(d/8) a prime number?
True
Suppose 6*d = 3*d + 744. Suppose -2*z - d = -3*l - 7*z, 3*l = 2*z + 241. Suppose 5*w + l = 3*c, 0*w = 4*c + 2*w - 82. Is c a composite number?
True
Suppose -484 = 3*o + 125. Let b = -124 - o. Is b composite?
False
Let k(b) be the first derivative of 3*b + 2 - b**2 - 1/4*b**4 + 5/3*b**3. Is k(3) composite?
True
Suppose -3*v = 3*v - 3378. Is v a composite number?
False
Let x be 53 - 0*(-2)/6. Let n = 162 - x. Is n composite?
False
Suppose a + 4*a + 34 = 4*k, 0 = 2*a + 2*k + 10. Let m(y) = -2*y**3 - 7*y**2 - 3*y + 1. Is m(a) a composite number?
False
Let c(n) = n**3 - 6*n**2 + 2*n - 10. Is c(7) a composite number?
False
Suppose 20 = -2*z + 4*z. Let l(d) = -d**2 + 9*d + 12. Let t be l(z). Suppose -t*n + 91 = -j, 4*n - 5*j = 5*n - 51. Is n a prime number?
False
Let z(a) = -3*a**3 + 24*a**2 + 5*a + 7. Is z(6) composite?
True
Suppose 0 = a - 0 + 2. Let s(n) be the third derivative of n**5/12 + n**4/24 + n**3/6 - n**2. Is s(a) a composite number?
False
Let z(y) be the second derivative of -5/2*y**2 + 1/6*y**4 + 0 - 1/2*y**3 - 2*y. Is z(6) composite?
True
Suppose -1965 = -2*k + k + 5*s, -4*k = -3*s - 7792. Is k a prime number?
False
Let z = 253 + -368. Let a = -38 - z. Is a prime?
False
Let s be (2 + -2 + 1)*3. Suppose 186 = -3*l + s*q, 2*q - 71 = l - 2*q. Let b = l - -93. Is b a prime number?
False
Let c be 3*12/(-9) + 11. Let m = 48 + c. Is m prime?
False
Let s(o) = -2*o + 44*o + o - 4 + 20*o. Let d be s(4). Suppose -y + 11 = -d. Is y prime?
False
Let t(r) = r**2 + 4*r - 2. Let u(a) be the second derivative of -a**4/2 + a**3/3 - a**2/2 - 2*a. Let c be u(1). Is t(c) a prime number?
True
Let n(t) be the second derivative of 2/3*t**3 + 5/12*t**4 + 0 + t**2 - t. Is n(-2) prime?
False
Suppose 4*n = 6*n - 2998. Is n a prime number?
True
Suppose 2*x + 2 = -110. Let w = x + 95. Suppose -21 - w = -4*u. Is u a composite number?
True
Let x be 6/(-9) + 3098/3. Suppose l + 2*v - 292 = 0, 2*v - 142 = -4*l + x. Is 2/(-4*(-3)/l) prime?
False
Let c be (-22)/(-6) - (-2)/(-3). Let r(v) = -c*v**2 - 3 - 2*v + 3*v**2 + v + v**2. Is r(7) a composite number?
True
Suppose -4*a - 12 = -40. Let m(r) = 3*r**2 + 2 - 12*r + 3*r - 1. Is m(a) prime?
False
Suppose 0 = 5*n + r - 3 - 35, 4*n - 34 = -2*r. Suppose n*d = 3*d + 1864. Suppose d = 3*q + i, 5*q - 5*i + 0*i - 810 = 0. Is q a composite number?
False
Suppose -19 = 2*n - 7. Let u = n + 4. Is (3 + u)*(1 + 13) a prime number?
False
Suppose 4*c + 6 + 10 = 0. Let n = c + 6. Suppose 25 = n*b - 229. Is b a composite number?
False
Let j(p) = 24*p - 2. Suppose -k - 3*i + 17 = 0, 3*k - i + 3 - 4 = 0. Is j(k) composite?
True
Let y(s) = 151*s - 13. Is y(12) composite?
True
Let g(d) = -2*d - 12. Let u be g(-9). Let l = -4 + u. Is l - (-1)/1*35 composite?
False
Suppose -26 + 6 = -5*m. Let c be (-1)/m - (-930)/(-24). Let q = 64 + c. Is q prime?
False
Let c(o) be the second derivative of -o**4/12 + 5*o**3/6 - o**2/2 + o. Let w be c(3). Suppose -274 = -w*h + m, -2*h - m = 2*h - 221. Is h prime?
False
Let n(i) = 5273*i**2 - i - 1. Is n(-1) prime?
True
Let g be 504 + (-2)/(-2) + 2. Suppose g = 4*d - k, k + 2*k = d - 124. Le